{"id":18,"date":"2017-03-13T21:09:33","date_gmt":"2017-03-13T21:09:33","guid":{"rendered":"http:\/\/192.155.94.179\/?page_id=18"},"modified":"2017-03-29T22:15:10","modified_gmt":"2017-03-29T22:15:10","slug":"contacto","status":"publish","type":"page","link":"https:\/\/electricamatamoros.com\/?page_id=18","title":{"rendered":"Contacto"},"content":{"rendered":"<h2>Comun\u00edquese con nosotros<\/h2>\n<p>Para O&#038;M El\u00e9ctrica Matamoros ser\u00e1 un gusto atenderle y ayudarle con su proyecto de la mejor manera<\/p>\n","protected":false},"excerpt":{"rendered":"<p>Comun\u00edquese con nosotros Para O&#038;M El\u00e9ctrica Matamoros ser\u00e1 un gusto atenderle y ayudarle con su proyecto de la mejor manera<\/p>\n","protected":false},"author":1,"featured_media":0,"parent":0,"menu_order":0,"comment_status":"closed","ping_status":"closed","template":"page-templates\/Contactenos.php","meta":{"_mi_skip_tracking":false},"acf":[],"_links":{"self":[{"href":"https:\/\/electricamatamoros.com\/index.php?rest_route=\/wp\/v2\/pages\/18"}],"collection":[{"href":"https:\/\/electricamatamoros.com\/index.php?rest_route=\/wp\/v2\/pages"}],"about":[{"href":"https:\/\/electricamatamoros.com\/index.php?rest_route=\/wp\/v2\/types\/page"}],"author":[{"embeddable":true,"href":"https:\/\/electricamatamoros.com\/index.php?rest_route=\/wp\/v2\/users\/1"}],"replies":[{"embeddable":true,"href":"https:\/\/electricamatamoros.com\/index.php?rest_route=%2Fwp%2Fv2%2Fcomments&post=18"}],"version-history":[{"count":5,"href":"https:\/\/electricamatamoros.com\/index.php?rest_route=\/wp\/v2\/pages\/18\/revisions"}],"predecessor-version":[{"id":227,"href":"https:\/\/electricamatamoros.com\/index.php?rest_route=\/wp\/v2\/pages\/18\/revisions\/227"}],"wp:attachment":[{"href":"https:\/\/electricamatamoros.com\/index.php?rest_route=%2Fwp%2Fv2%2Fmedia&parent=18"}],"curies":[{"name":"wp","href":"https:\/\/api.w.org\/{rel}","templated":true}]}}